vided by 976.
8
What is the remainder when 784734 is divided by 87189?
33
Calculate the remainder when 717196 is divided by 143416.
116
What is the remainder when 4298975 is divided by 92?
91
Calculate the remainder when 69089 is divided by 3084.
1241
Calculate the remainder when 9009107 is divided by 56.
51
What is the remainder when 4972813 is divided by 994556?
33
Calculate the remainder when 1715 is divided by 792.
131
What is the remainder when 163496 is divided by 6808?
104
What is the remainder when 41522 is divided by 922?
32
Calculate the remainder when 30094 is divided by 77.
64
What is the remainder when 1838153 is divided by 1582?
1451
What is the remainder when 102055376 is divided by 7?
3
Calculate the remainder when 5618279 is divided by 2705.
2699
Calculate the remainder when 8372201 is divided by 252.
5
Calculate the remainder when 99772461 is divided by 11.
8
What is the remainder when 37106369 is divided by 1015?
1014
Calculate the remainder when 546040 is divided by 14734.
882
What is the remainder when 27616 is divided by 249?
226
Calculate the remainder when 111924158 is divided by 16.
14
What is the remainder when 37984 is divided by 13966?
10052
Calculate the remainder when 10073830 is divided by 77.
74
What is the remainder when 586934 is divided by 11506?
128
What is the remainder when 17067353 is divided by 2527?
2522
Calculate the remainder when 42490 is divided by 3139.
1683
Calculate the remainder when 235209505 is divided by 101.
99
What is the remainder when 2784909 is divided by 278489?
19
Calculate the remainder when 428234 is divided by 2645.
2389
What is the remainder when 175706327 is divided by 2153?
2150
Calculate the remainder when 42238292 is divided by 1557.
1553
What is the remainder when 2457455 is divided by 1075?
5
What is the remainder when 30417 is divided by 30137?
280
What is the remainder when 19547689 is divided by 57?
52
What is the remainder when 395024 is divided by 114?
14
Calculate the remainder when 13359 is divided by 13302.
57
Calculate the remainder when 65702426 is divided by 28114.
8
Calculate the remainder when 6384202 is divided by 99.
88
Calculate the remainder when 19657974 is divided by 982898.
14
What is the remainder when 102819 is divided by 14549?
976
Calculate the remainder when 115824 is divided by 57685.
454
What is the remainder when 124492859 is divided by 62246425?
9
Calculate the remainder when 46873 is divided by 7722.
541
Calculate the remainder when 10452 is divided by 503.
392
Calculate the remainder when 3199509 is divided by 139107.
48
What is the remainder when 68923 is divided by 118?
11
What is the remainder when 4129170 is divided by 105875?
45
Calculate the remainder when 119298 is divided by 59310.
678
What is the remainder when 2939487 is divided by 4957?
4943
What is the remainder when 17738198 is divided by 20?
18
What is the remainder when 26316 is divided by 12878?
560
Calculate the remainder when 4384031 is divided by 151172.
43
Calculate the remainder when 68326 is divided by 7573.
169
Calculate the remainder when 673881 is divided by 1378.
39
What is the remainder when 380200 is divided by 708?
4
Calculate the remainder when 6587 is divided by 2191.
14
What is the remainder when 1270111 is divided by 423297?
220
Calculate the remainder when 23195462 is divided by 266.
262
What is the remainder when 1165412 is divided by 6199?
0
Calculate the remainder when 217642 is divided by 4026.
238
What is the remainder when 35374 is divided by 2209?
30
What is the remainder when 146921696 is divided by 73460844?
8
Calculate the remainder when 195633287 is divided by 409.
407
What is the remainder when 8684892 is divided by 3265?
3257
What is the remainder when 134580 is divided by 67263?
54
Calculate the remainder when 168033 is divided by 41995.
53
Calculate the remainder when 12994713 is divided by 106.
67
What is the remainder when 6361251 is divided by 1272?
1251
What is the remainder when 91726093 is divided by 11?
8
What is the remainder when 1059063 is divided by 529452?
159
Calculate the remainder when 7003777 is divided by 3612.
109
What is the remainder when 3820570 is divided by 846?
34
What is the remainder when 164807513 is divided by 760?
753
What is the remainder when 558335 is divided by 263?
249
What is the remainder when 309047 is divided by 20602?
17
Calculate the remainder when 70163854 is divided by 376.
374
Calculate the remainder when 9232761 is divided by 547.
495
What is the remainder when 12208149 is divided by 1356461?
0
Calculate the remainder when 81224 is divided by 121.
33
Calculate the remainder when 5704187 is divided by 12592.
11
What is the remainder when 35494 is divided by 709?
44
Calculate the remainder when 27980745 is divided by 2950.
2945
Calculate the remainder when 2311326 is divided by 366.
36
What is the remainder when 267031 is divided by 1726?
1227
Calculate the remainder when 1192141 is divided by 3547.
349
Calculate the remainder when 42483045 is divided by 3361.
5
Calculate the remainder when 2664977 is divided by 1194.
1163
Calculate the remainder when 1871980 is divided by 374396.
0
What is the remainder when 61333639 is divided by 142?
5
Calculate the remainder when 2621203 is divided by 578.
551
Calculate the remainder when 259579 is divided by 15268.
23
Calculate the remainder when 1358120 is divided by 271.
139
Calculate the remainder when 201392 is divided by 1900.
1892
What is the remainder when 3539070 is divided by 2845?
2735
Calculate the remainder when 943097 is divided by 310.
77
Calculate the remainder when 251422 is divided by 994.
934
What is the remainder when 58957 is divided by 14676?
253
What is the remainder when 717654 is divided by 174?
78
Calculate the remainder when 4778716 is divided by 12037.
27
Calculate the remainder when 170118 is divided by 8924.
562
Calculate the remainder when 1976998 is divided by 395196.
1018
Calculate the remainder when 38284 is divided by 18683.
918
What is the remainder when 9100496 is divided by 26454?
320
Calculate the remainder when 1502976 is divided by 183.
180
Calculate the remainder when 2346944 is divided by 63409.
811
Calculate the remainder when 690850 is divided by 387.
55
Calculate the remainder when 22124381 is divided by 1945.
6
What is the remainder when 32987847 is divided by 445?
442
What is the remainder when 18198317 is divided by 55823?
19
Calculate the remainder when 1296546 is divided by 104.
82
What is the remainder when 365612 is divided by 439?
364
What is the remainder when 1183272 is divided by 6?
0
What is the remainder when 3431173 is divided by 306?
301
Calculate the remainder when 1531033 is divided by 510317.
82
What is the remainder when 187825 is divided by 4808?
313
Calculate the remainder when 367640186 is divided by 2116.
2114
What is the remainder when 47711 is divided by 47019?
692
What is the remainder when 66189 is divided by 52?
45
Calculate the remainder when 364972 is divided by 8624.
2764
What is the remainder when 19159 is divided by 770?
679
Calculate the remainder when 2387 is divided by 2231.
156
What is the remainder when 7004075 is divided by 349?
343
Calculate the remainder when 8446401 is divided by 527896.
65
What is the remainder when 177746549 is divided by 207?
203
Calculate the remainder when 267622257 is divided by 34.
29
What is the remainder when 35045 is divided by 753?
407
What is the remainder when 15563351 is divided by 6651?
11
What is the remainder when 3815199 is divided by 44?
3
What is the remainder when 408474 is divided by 153?
117
Calculate the remainder when 985271 is divided by 98526.
11
Calculate the remainder when 954304 is divided by 1585.
134
What is the remainder when 3253406 is divided by 3253085?
321
What is the remainder when 1748680 is divided by 3108?
1984
What is the remainder when 103476 is divided by 394?
248
What is the remainder when 2393512306 is divided by 36?
34
Calculate the remainder when 12621739 is divided by 2014.
1
Calculate the remainder when 114255 is divided by 3681.
144
Calculate the remainder when 6198902 is divided by 60.
2
Calculate the remainder when 31911 is divided by 6303.
396
What is the remainder when 537433 is divided by 80?
73
What is th